{"id":105,"date":"2015-11-20T23:56:04","date_gmt":"2015-11-20T22:56:04","guid":{"rendered":"http:\/\/www.pentabrass.at\/news\/?page_id=105"},"modified":"2015-12-11T13:22:24","modified_gmt":"2015-12-11T12:22:24","slug":"johannes-oesterreicher","status":"publish","type":"page","link":"https:\/\/www.pentabrass.at\/news\/?page_id=105","title":{"rendered":"Johannes \u00d6sterreicher"},"content":{"rendered":"<h3>Horn, musikalische Leitung<\/h3>\n<p style=\"text-align: justify;\">Johannes ist hauptberuflich als Diplomingenieur in der Kommunikation bei einem internationalen Konzern t\u00e4tig.<br \/>\nSeine Aufgaben beschr\u00e4nken sich nicht allein auf das kunstvolle Hornspiel. Er ist nicht nur f\u00fcr die Einstudierung s\u00e4mtlicher musikalischer Herausforderungen zust\u00e4ndig, sondern\u00a0ist als\u00a0Arrangeur auch f\u00fcr viele dieser Herausforderungen verantwortlich. Selbstverst\u00e4ndlich ist unser musikalischer Leiter ausgebildeter Kapellmeister. \u00dcberhaupt ist er an allem schuld: Er gr\u00fcndete 1991 das Ensemble <strong>PENTABRASS<\/strong>!<\/p>\n","protected":false},"excerpt":{"rendered":"<p>Horn, musikalische Leitung Johannes ist hauptberuflich als Diplomingenieur in der Kommunikation bei einem internationalen Konzern t\u00e4tig. Seine Aufgaben beschr\u00e4nken sich nicht allein auf das kunstvolle Hornspiel. Er ist nicht nur f\u00fcr die Einstudierung s\u00e4mtlicher musikalischer Herausforderungen zust\u00e4ndig, sondern\u00a0ist als\u00a0Arrangeur auch f\u00fcr viele dieser Herausforderungen verantwortlich. Selbstverst\u00e4ndlich ist unser musikalischer Leiter ausgebildeter Kapellmeister. \u00dcberhaupt ist er &hellip; <a href=\"https:\/\/www.pentabrass.at\/news\/?page_id=105\" class=\"more-link\"><span class=\"screen-reader-text\">Johannes \u00d6sterreicher<\/span> weiterlesen<\/a><\/p>\n","protected":false},"author":1,"featured_media":106,"parent":60,"menu_order":0,"comment_status":"closed","ping_status":"closed","template":"","meta":{"footnotes":""},"class_list":["post-105","page","type-page","status-publish","has-post-thumbnail","hentry"],"_links":{"self":[{"href":"https:\/\/www.pentabrass.at\/news\/index.php?rest_route=\/wp\/v2\/pages\/105","targetHints":{"allow":["GET"]}}],"collection":[{"href":"https:\/\/www.pentabrass.at\/news\/index.php?rest_route=\/wp\/v2\/pages"}],"about":[{"href":"https:\/\/www.pentabrass.at\/news\/index.php?rest_route=\/wp\/v2\/types\/page"}],"author":[{"embeddable":true,"href":"https:\/\/www.pentabrass.at\/news\/index.php?rest_route=\/wp\/v2\/users\/1"}],"replies":[{"embeddable":true,"href":"https:\/\/www.pentabrass.at\/news\/index.php?rest_route=%2Fwp%2Fv2%2Fcomments&post=105"}],"version-history":[{"count":4,"href":"https:\/\/www.pentabrass.at\/news\/index.php?rest_route=\/wp\/v2\/pages\/105\/revisions"}],"predecessor-version":[{"id":205,"href":"https:\/\/www.pentabrass.at\/news\/index.php?rest_route=\/wp\/v2\/pages\/105\/revisions\/205"}],"up":[{"embeddable":true,"href":"https:\/\/www.pentabrass.at\/news\/index.php?rest_route=\/wp\/v2\/pages\/60"}],"wp:featuredmedia":[{"embeddable":true,"href":"https:\/\/www.pentabrass.at\/news\/index.php?rest_route=\/wp\/v2\/media\/106"}],"wp:attachment":[{"href":"https:\/\/www.pentabrass.at\/news\/index.php?rest_route=%2Fwp%2Fv2%2Fmedia&parent=105"}],"curies":[{"name":"wp","href":"https:\/\/api.w.org\/{rel}","templated":true}]}}